 are the prime factors of l(-23)?
29, 541
Let c(h) = 32*h - 42. Let n be c(-10). Let z = n - -765. List the prime factors of z.
13, 31
Let h(r) = 1 - 17*r + 23*r - 2*r**3 + r**3 - 5*r**2. Let u be h(-8). Let o = -84 + u. List the prime factors of o.
61
Suppose 392*n + 307632 = 431*n. What are the prime factors of n?
2, 17, 29
What are the prime factors of 825960/(-96)*32/(-10)?
2, 6883
Let l be -10*(26487/(-18))/(-9). List the prime factors of ((-831)/4)/(-14 + l/(-120)).
2, 277
Let c = -227 - -218. List the prime factors of (464 + c)/(2 - 1).
5, 7, 13
Let h(b) = 656 - 1443 + 733 + 3*b + 2*b + 10*b. Suppose 30 + 2 = 4*q. List the prime factors of h(q).
2, 3, 11
Suppose -k + 6*k = -2*u + 2093, 0 = u + 2*k - 1045. Suppose -5*a + u = q, -27*q + 22*q + 5300 = 4*a. List the prime factors of q.
2, 7, 19
Suppose 0 = 202*r - 1422300 - 1204306. List the prime factors of r.
13003
Suppose 3*l - 74 = 2*h - 4*h, 0 = 2*h + l - 74. Let c = -33 + h. What are the prime factors of 56 - (c - (2 - 2))?
2, 13
Let u(z) = -14*z + 80. Let i be u(6). List the prime factors of (8/(-10))/(47890/11975 + i).
2, 479
Suppose -2*o - 2*r + 1984 = -1206, 0 = -4*r + 8. Suppose -3 = -6*h + o. Suppose 217 = 3*b - h. What are the prime factors of b?
7, 23
Suppose -3*n - 39 = 4*y, 0 = n - 5*y + 5 - 11. Let h(v) = -v**3 - 8*v**2 - 6*v - 11. List the prime factors of h(n).
2, 31
Let n = -131 + 133. List the prime factors of 382 - (n/1 - (-10 + 15)).
5, 7, 11
Let q(b) = 557*b - 410. What are the prime factors of q(6)?
2, 733
Let d(u) = 230*u + 3*u**2 + 17 - 130*u - 191*u. List the prime factors of d(-8).
937
Let t(d) = 187*d**2 - 581*d - 22. What are the prime factors of t(14)?
2, 13, 137
Let t = 2 - 5. Let x be 0*t*(-2)/(-12). Suppose 59 = 2*p - 4*l - 75, -4*p - 4*l + 292 = x. What are the prime factors of p?
71
Suppose -k - 17 = 2*u, -3*u - 15 = -3*k + k. Let w(o) = o**3 + 8*o**2 + 9*o + 8. Let g be w(u). What are the prime factors of 14*(3 + (-3)/g)?
7
What are the prime factors of -471*(-6 + (-66)/9)?
2, 5, 157
Suppose 12 = -i + 5*b, -16*b + 13*b = 0. Let v(p) = p**3 + 14*p**2 + 18*p - 40. List the prime factors of v(i).
2
Let n(d) = 3*d + 85. Let c be n(-30). Let j(f) = -12*f**3 + f**2 - 5*f - 28. What are the prime factors of j(c)?
2, 761
Let v(s) = 29*s**2 + 3*s. Let a(q) = 31*q**2 + 3*q + 1. Let y(c) = -4*a(c) + 5*v(c). Let b = -6 + 8. What are the prime factors of y(b)?
2, 43
Suppose -975 = 2*d + 5*n, -2*d + 3*d + 486 = -4*n. Let s = 726 + d. Let o = s - 137. List the prime factors of o.
3, 11
Let f(o) = 1515*o**2 - 8*o - 1. Let q be f(1). Suppose 10*i + 1190 = 4*l + 5*i, 3*i - q = -5*l. List the prime factors of l.
2, 3, 5
Let x(c) = -2*c**3 - c**2 - 2*c + 2. Suppose 3*d - 6 = 3. Let t be x(d). Let s = -32 - t. What are the prime factors of s?
5, 7
Suppose 0 = 110*c - 580974 - 342146. What are the prime factors of c?
2, 1049
Suppose 2*f + 118 = 3*v, f = 4*v - 2*f - 156. Suppose 4*d = 2*d - 3*a - v, 19 = -d - 2*a. Let z = d + 32. List the prime factors of z.
5
Let o(x) = -2*x**2 + 64*x - 35*x - 5 - 34*x. Let m be o(-2). Let i(u) = 7*u**2 + 2*u + 3. List the prime factors of i(m).
2, 3, 5
Suppose 0 = -0*q + 3*q - 15. Let f be (-7 + -4 + 15)/2. Suppose -4*s = q*y - 525, f*s + y - 6*y = 225. List the prime factors of s.
5
Let w be ((-54)/(-135))/((-8)/10 + 1). Suppose -5*m + 846 = r + 3*r, 0 = -r + w*m + 218. What are the prime factors of r?
2, 107
Suppose 0 = p + 557 - 471. Let o be (14*-3)/((-6)/20). Let i = o + p. What are the prime factors of i?
2, 3
Let j = 24936 - -36322. List the prime factors of j.
2, 109, 281
Suppose -5*n - 7676 = -q, -4*n = 2*q - 11988 - 3392. What are the prime factors of q?
2, 3, 7, 61
Let w be (6 - 4)/(2/7). Suppose -5*f - 2*s + 1090 = -w*s, f = 2*s + 219. Let k = -95 + f. List the prime factors of k.
2, 61
Let a = 5799 + 5475. What are the prime factors of a?
2, 3, 1879
Suppose -28*s + 13*s + 129195 = 0. What are the prime factors of s?
3, 11, 29
List the prime factors of (2/(-10))/(333/(-370)) - (-184012)/9.
2, 10223
Suppose -3*v + 3*s = v + 24, 4*v = -3*s. Let w be 2 + 8 - 1 - v. Suppose 2*o = -2*x + 99 + 67, 0 = -3*x + w. List the prime factors of o.
79
Let v(r) = r**3 - 10*r**2 + 9*r + 5. Let c be v(9). Suppose c*j = 4*i + 13 + 14, 0 = -5*i - 5*j - 90. Let q = i + 49. List the prime factors of q.
2, 3
Let p = -3331 + 4913. Suppose 0 = -5*l - 3*i + 1443 + 1192, -3*l + p = 2*i. List the prime factors of 1/(4/l) - 4.
127
Suppose -2*g + 22841 = r, -34*g + 36*g - 22823 = 5*r. What are the prime factors of g?
19, 601
Suppose 13*x - 15*x + 4*q + 18474 = 0, 0 = 4*q - 20. List the prime factors of x.
7, 1321
Suppose -2*b + 110 = 106. Suppose -29 - 1 = b*q. What are the prime factors of -3*(0 - (-965)/q)?
193
Suppose 2*l - 4*m = 30, 4*m + m = 5. Suppose 0 = -l*x + 377 + 2496. What are the prime factors of x?
13
Let h(a) = -20*a**2 - 10*a - 6. Let j(b) = -21*b**2 - 11*b - 7. Let v(m) = -5*h(m) + 4*j(m). List the prime factors of v(7).
2, 3, 23
Let h be (-544)/(-14) - (-3)/21. Suppose 3*q + h = 2*i, -2*i + 12 = -q - 29. Let f = i + 61. List the prime factors of f.
2, 41
Suppose -7*o = -2*o - 10. Suppose o*c - 72 = -6*c. What are the prime factors of c?
3
Let w be (28 - (-10 + 12 - 1))/3. Let h(r) = 334*r - 2. Let p be h(3). Suppose f + p = w*f. What are the prime factors of f?
5
Suppose -9*o = -2*o - 21. Suppose f - o*a + 0*a = 987, -2943 = -3*f + 3*a. What are the prime factors of f?
2, 3, 163
Suppose 5*p = 8*p + 18. Let u be p/(-64)*4*8. Suppose u*n - 120 = -6. What are the prime factors of n?
2, 19
Let a = 9065 - -18545. List the prime factors of a.
2, 5, 11, 251
Let b be (3 + 34/2)*(-4)/8. What are the prime factors of 1 + b/16 - 133525/(-392)?
11, 31
Suppose -p = 2*p - 5*r - 30, 5*p + 5*r = 10. Suppose -p*i + 1235 = 4*x, i + 1241 = 6*x - 2*x. List the prime factors of x.
2, 5, 31
Suppose -72875 - 98825 = -20*l. What are the prime factors of l?
5, 17, 101
Let m = -5 - -8. Suppose 24 = m*i + 9. Suppose -344 = u - i*u. What are the prime factors of u?
2, 43
Let r(x) = -x**2 + 4*x - 16. Let z be r(12). Let p = z + 188. Suppose p + 136 = 4*u. List the prime factors of u.
53
Let d(m) = -m**3 + 3*m**2 - 106*m - 125. List the prime factors of d(-26).
5, 4447
Let y(u) = -u - 21. Let f be y(-9). What are the prime factors of 3/f - (-861)/4?
5, 43
Suppose 0 = 16*x - 21*x + 15. Let l be (x/12)/((-5)/(-940)). Let i = l - -28. What are the prime factors of i?
3, 5
Let x = -17 + 7. Let h(a) = 73*a - 181*a - 37 + 95*a. List the prime factors of h(x).
3, 31
Suppose 5*w = -4*t + 81621 + 27522, 2*t + 3*w = 54575. What are the prime factors of t?
27277
Suppose 51 + 95 = 2*t. Suppose 2*b - 679 = -t. Suppose 2*y - 139 = s, -4*y = -0*y + 3*s - b. List the prime factors of y.
2, 3
Suppose 7*u + j + 61546 = 9*u, 92308 = 3*u + 4*j. What are the prime factors of u?
2, 7, 157
Let r(f) = 76*f**2 + 182*f + 3619. List the prime factors of r(-21).
7, 4759
Let i = 70 - 63. What are the prime factors of (3 - 0 - i)*-3?
2, 3
What are the prime factors of (6/(-4) - 2/(-2))*220220/(-10)?
7, 11, 13
Suppose 988 = 3*v + t, 0*t + 1644 = 5*v + 3*t. Suppose 8*c - v = 3*c. List the prime factors of c.
2, 3, 11
Suppose -23*b - 21*b + 2297378 = 2*b. List the prime factors of b.
49943
Let p be 0 + 14 - (-10 - -6). Suppose -12317 = -p*q + 175. List the prime factors of q.
2, 347
Let p = -4124 + 6036. What are the prime factors of p?
2, 239
Suppose 5*h - 96503 = -3*m, m - 33*h - 32145 = -29*h. What are the prime factors of m?
29, 1109
Let m = 12410 + 17048. What are the prime factors of m?
2, 11, 13, 103
Let i(b) = 18*b - 186. Let k be i(7). List the prime factors of (-1 + 361)/(k/(-150)) + 1.
17, 53
Suppose 19*l - 8*l = 18832. Let g = l + -985. What are the prime factors of g?
727
Let w(l) = l**2 - 264*l**3 - l - l - 3*l**2 + 248*l**3. List the prime factors of w(-2).
2, 31
Let n(a) = -2*a**2 - 16*a + 4. Let p be n(-8). Suppose 5*y = 2*q, 0 = -q - 2*q + p*y. Suppose -315 = -3*s - q*s. What are the prime factors of s?
3, 5, 7
Suppose 16*s + 1370 = 2*s + 5444. What are the prime factors of s?
3, 97
Suppose -6*a = 47 - 71. Suppose 0 = -k - 5*x + 2*x + 743, -4*x = a*k - 2948. Suppose -3*i - i = -5*u - 742, -4*i + u = -k. List the prime factors of i.
3, 61
Suppose -15*y - 171 = -66. Let g(b) = 9*b*